{"id":10,"date":"2016-11-10T14:15:16","date_gmt":"2016-11-10T13:15:16","guid":{"rendered":"http:\/\/centre-equestre-lapommeraye.fr\/?page_id=10"},"modified":"2021-04-19T13:54:41","modified_gmt":"2021-04-19T11:54:41","slug":"concours","status":"publish","type":"page","link":"https:\/\/centre-equestre-lapommeraye.fr\/?page_id=10","title":{"rendered":"Concours"},"content":{"rendered":"<p><img loading=\"lazy\" decoding=\"async\" class=\"size-medium wp-image-538 aligncenter\" src=\"http:\/\/centre-equestre-lapommeraye.fr\/wp-content\/uploads\/2017\/01\/Centre-equestre-la-pommeraye-maine-et-loire-obstacle-632x467.png\" alt=\"centre-equestre-la-pommeraye-maine-et-loire-obstacle\" width=\"632\" height=\"467\" srcset=\"https:\/\/centre-equestre-lapommeraye.fr\/wp-content\/uploads\/2017\/01\/Centre-equestre-la-pommeraye-maine-et-loire-obstacle-632x467.png 632w, https:\/\/centre-equestre-lapommeraye.fr\/wp-content\/uploads\/2017\/01\/Centre-equestre-la-pommeraye-maine-et-loire-obstacle-24x18.png 24w, https:\/\/centre-equestre-lapommeraye.fr\/wp-content\/uploads\/2017\/01\/Centre-equestre-la-pommeraye-maine-et-loire-obstacle-36x27.png 36w, https:\/\/centre-equestre-lapommeraye.fr\/wp-content\/uploads\/2017\/01\/Centre-equestre-la-pommeraye-maine-et-loire-obstacle-48x35.png 48w, https:\/\/centre-equestre-lapommeraye.fr\/wp-content\/uploads\/2017\/01\/Centre-equestre-la-pommeraye-maine-et-loire-obstacle.png 667w\" sizes=\"auto, (max-width: 632px) 100vw, 632px\" \/><\/p>\n<h2>Planning des concours<\/h2>\n\n<table id=\"tablepress-6\" class=\"tablepress tablepress-id-6 tbody-has-connected-cells\">\n<tbody class=\"row-hover\">\n<tr class=\"row-1\">\n\t<td colspan=\"2\" class=\"column-1\"><strong>CSO entra\u00eenement pour tous niveaux<\/strong><\/td><td class=\"column-3\"><\/td>\n<\/tr>\n<tr class=\"row-2\">\n\t<td class=\"column-1\"><\/td><td class=\"column-2\">le 18 Novembre 2018<\/td><td class=\"column-3\">La Pommeraye<\/td>\n<\/tr>\n<tr class=\"row-3\">\n\t<td class=\"column-1\"><\/td><td class=\"column-2\"><\/td><td class=\"column-3\"><\/td>\n<\/tr>\n<tr class=\"row-4\">\n\t<td colspan=\"3\" class=\"column-1\"><strong>CSO Officiel club et pr\u00e9pa, \u00e0 partir de galop 3<\/strong><\/td>\n<\/tr>\n<tr class=\"row-5\">\n\t<td class=\"column-1\"><\/td><td class=\"column-2\">le 17 Mars 2019<\/td><td class=\"column-3\">La Pommeraye<\/td>\n<\/tr>\n<tr class=\"row-6\">\n\t<td class=\"column-1\"><\/td><td class=\"column-2\">le 12 Mai 2019<\/td><td class=\"column-3\">La Pommeraye<\/td>\n<\/tr>\n<tr class=\"row-7\">\n\t<td class=\"column-1\"><\/td><td class=\"column-2\">le 16 Juin 2019<\/td><td class=\"column-3\">La Pommeraye<\/td>\n<\/tr>\n<tr class=\"row-8\">\n\t<td class=\"column-1\"><\/td><td class=\"column-2\"><\/td><td class=\"column-3\"><\/td>\n<\/tr>\n<tr class=\"row-9\">\n\t<td colspan=\"3\" class=\"column-1\"><strong>Dressage\/Obstacle entrainement club, \u00e0 partir de galop 5<\/strong><\/td>\n<\/tr>\n<tr class=\"row-10\">\n\t<td class=\"column-1\"><\/td><td class=\"column-2\">date \u00e0 venir<\/td><td class=\"column-3\">La Pommeraye<\/td>\n<\/tr>\n<tr class=\"row-11\">\n\t<td class=\"column-1\"><\/td><td class=\"column-2\"><\/td><td class=\"column-3\"><\/td>\n<\/tr>\n<tr class=\"row-12\">\n\t<td colspan=\"3\" class=\"column-1\"><strong>Dressage Officiel club, \u00e0 partir de galop 3<\/strong><\/td>\n<\/tr>\n<tr class=\"row-13\">\n\t<td class=\"column-1\"><\/td><td class=\"column-2\">le 14 Avril 2019<\/td><td class=\"column-3\">La Pommeraye<\/td>\n<\/tr>\n<tr class=\"row-14\">\n\t<td class=\"column-1\"><\/td><td class=\"column-2\">le 19 Mai 2019<\/td><td class=\"column-3\">La Pommeraye<\/td>\n<\/tr>\n<tr class=\"row-15\">\n\t<td class=\"column-1\"><\/td><td class=\"column-2\"><\/td><td class=\"column-3\"><\/td>\n<\/tr>\n<tr class=\"row-16\">\n\t<td colspan=\"3\" class=\"column-1\"><strong>Complet entrainement club, \u00e0 partir de galop 5<\/strong><\/td>\n<\/tr>\n<tr class=\"row-17\">\n\t<td class=\"column-1\"><\/td><td class=\"column-2\">dates \u00e0 venir<\/td><td class=\"column-3\">La Pommeraye<\/td>\n<\/tr>\n<tr class=\"row-18\">\n\t<td class=\"column-1\"><\/td><td class=\"column-2\"><\/td><td class=\"column-3\"><\/td>\n<\/tr>\n<tr class=\"row-19\">\n\t<td colspan=\"3\" class=\"column-1\"><strong>Concours Officiels ext\u00e9rieurs<\/strong><\/td>\n<\/tr>\n<tr class=\"row-20\">\n\t<td class=\"column-1\"><strong>CSO<\/strong><\/td><td class=\"column-2\">le 27 janvier 2019<\/td><td class=\"column-3\">Corn\u00e9<\/td>\n<\/tr>\n<tr class=\"row-21\">\n\t<td class=\"column-1\"><\/td><td class=\"column-2\">le 03 f\u00e9vrier 2019<\/td><td class=\"column-3\">Saint Sylvain d'Anjou<\/td>\n<\/tr>\n<tr class=\"row-22\">\n\t<td class=\"column-1\"><\/td><td class=\"column-2\">le 03 mars 2019<\/td><td class=\"column-3\">Andrez\u00e9<\/td>\n<\/tr>\n<tr class=\"row-23\">\n\t<td class=\"column-1\"><\/td><td class=\"column-2\">le 21 et 22 avril 2019<\/td><td class=\"column-3\">Jeux \u00c9questre Angevin \u00e0 Corn\u00e9<\/td>\n<\/tr>\n<tr class=\"row-24\">\n\t<td class=\"column-1\"><\/td><td class=\"column-2\">le 05 mai 2019<\/td><td class=\"column-3\">Cantenay Epinard<\/td>\n<\/tr>\n<tr class=\"row-25\">\n\t<td class=\"column-1\"><\/td><td class=\"column-2\">le 26 mai 2019<\/td><td class=\"column-3\">Saint Barth\u00e9l\u00e9my d'Anjou<\/td>\n<\/tr>\n<tr class=\"row-26\">\n\t<td class=\"column-1\"><\/td><td class=\"column-2\">le 02 juin 2019 <\/td><td class=\"column-3\">Andrez\u00e9<\/td>\n<\/tr>\n<tr class=\"row-27\">\n\t<td class=\"column-1\"><\/td><td class=\"column-2\">le 23 juin 2019<\/td><td class=\"column-3\">Saint Sylvain d'Anjou<\/td>\n<\/tr>\n<tr class=\"row-28\">\n\t<td class=\"column-1\"><\/td><td class=\"column-2\">le 06 octobre 2019<\/td><td class=\"column-3\">Andrez\u00e9<\/td>\n<\/tr>\n<tr class=\"row-29\">\n\t<td class=\"column-1\"><\/td><td class=\"column-2\"><\/td><td class=\"column-3\"><\/td>\n<\/tr>\n<tr class=\"row-30\">\n\t<td class=\"column-1\"><strong>Dressage<\/strong><\/td><td class=\"column-2\">le 26 mai 2019<\/td><td class=\"column-3\">Saint Barth\u00e9l\u00e9my d'Anjou<\/td>\n<\/tr>\n<tr class=\"row-31\">\n\t<td class=\"column-1\"><\/td><td class=\"column-2\"><\/td><td class=\"column-3\"><\/td>\n<\/tr>\n<tr class=\"row-32\">\n\t<td colspan=\"3\" class=\"column-1\"><strong>Concours CSO Amateur<\/strong><\/td>\n<\/tr>\n<tr class=\"row-33\">\n\t<td class=\"column-1\"><\/td><td class=\"column-2\">le 28 octobre 2018<\/td><td class=\"column-3\">Saint Sylvain d'Anjou<\/td>\n<\/tr>\n<tr class=\"row-34\">\n\t<td class=\"column-1\"><\/td><td class=\"column-2\">le 24 f\u00e9vrier 2019<\/td><td class=\"column-3\">Le Lion d'Angers<\/td>\n<\/tr>\n<tr class=\"row-35\">\n\t<td class=\"column-1\"><\/td><td class=\"column-2\">le 24 mars 2019<\/td><td class=\"column-3\">Saint Sylvain d'Anjou<\/td>\n<\/tr>\n<tr class=\"row-36\">\n\t<td class=\"column-1\"><\/td><td class=\"column-2\">le 14 juillet 2019<\/td><td class=\"column-3\">Cantenay Epinard<\/td>\n<\/tr>\n<tr class=\"row-37\">\n\t<td class=\"column-1\"><\/td><td class=\"column-2\">le 21 juillet 2019<\/td><td class=\"column-3\">Corn\u00e9<\/td>\n<\/tr>\n<tr class=\"row-38\">\n\t<td class=\"column-1\"><\/td><td class=\"column-2\">le 13 octobre 2019<\/td><td class=\"column-3\">Corn\u00e9<\/td>\n<\/tr>\n<\/tbody>\n<\/table>\n\n<p>Pour plus de renseignements, nous vous invitons \u00e0 prendre contact avec nous dans la rubrique <a href=\"http:\/\/centre-equestre-lapommeraye.fr\/nous-contacter\/\">Contact.<\/a><\/p>\n","protected":false},"excerpt":{"rendered":"<div class=\"entry-summary\">\n<div class=\"entry-summary\">\nPlanning des concours Pour plus de renseignements, nous vous invitons \u00e0 prendre&hellip;\n<\/div>\n<div class=\"link-more\"><a href=\"https:\/\/centre-equestre-lapommeraye.fr\/?page_id=10\" class=\"more-link\">Continue reading<span class=\"screen-reader-text\"> &ldquo;Concours&rdquo;<\/span>&hellip;<\/a><\/div>\n<\/div>\n<div class=\"link-more\"><a href=\"https:\/\/centre-equestre-lapommeraye.fr\/?page_id=10\" class=\"more-link\">Continue reading<span class=\"screen-reader-text\"> &ldquo;Concours&rdquo;<\/span>&hellip;<\/a><\/div>\n","protected":false},"author":1,"featured_media":0,"parent":174,"menu_order":3,"comment_status":"closed","ping_status":"open","template":"","meta":{"_acf_changed":false,"footnotes":""},"class_list":["post-10","page","type-page","status-publish","hentry","entry"],"acf":[],"aioseo_notices":[],"_links":{"self":[{"href":"https:\/\/centre-equestre-lapommeraye.fr\/index.php?rest_route=\/wp\/v2\/pages\/10","targetHints":{"allow":["GET"]}}],"collection":[{"href":"https:\/\/centre-equestre-lapommeraye.fr\/index.php?rest_route=\/wp\/v2\/pages"}],"about":[{"href":"https:\/\/centre-equestre-lapommeraye.fr\/index.php?rest_route=\/wp\/v2\/types\/page"}],"author":[{"embeddable":true,"href":"https:\/\/centre-equestre-lapommeraye.fr\/index.php?rest_route=\/wp\/v2\/users\/1"}],"replies":[{"embeddable":true,"href":"https:\/\/centre-equestre-lapommeraye.fr\/index.php?rest_route=%2Fwp%2Fv2%2Fcomments&post=10"}],"version-history":[{"count":15,"href":"https:\/\/centre-equestre-lapommeraye.fr\/index.php?rest_route=\/wp\/v2\/pages\/10\/revisions"}],"predecessor-version":[{"id":669,"href":"https:\/\/centre-equestre-lapommeraye.fr\/index.php?rest_route=\/wp\/v2\/pages\/10\/revisions\/669"}],"up":[{"embeddable":true,"href":"https:\/\/centre-equestre-lapommeraye.fr\/index.php?rest_route=\/wp\/v2\/pages\/174"}],"wp:attachment":[{"href":"https:\/\/centre-equestre-lapommeraye.fr\/index.php?rest_route=%2Fwp%2Fv2%2Fmedia&parent=10"}],"curies":[{"name":"wp","href":"https:\/\/api.w.org\/{rel}","templated":true}]}}