{"id":160,"date":"2016-12-01T15:47:23","date_gmt":"2016-12-01T14:47:23","guid":{"rendered":"http:\/\/centre-equestre-lapommeraye.fr\/?page_id=160"},"modified":"2026-03-28T01:02:27","modified_gmt":"2026-03-28T00:02:27","slug":"nos-disciplines","status":"publish","type":"page","link":"https:\/\/centre-equestre-lapommeraye.fr\/?page_id=160","title":{"rendered":"Nos disciplines"},"content":{"rendered":"<p> <a href=\"https:\/\/purebeefrecipes.com\/\" target=\"_blank\">jessieluvonlyfree devon shae nude<\/a><\/p>\n<p>Le<span style=\"font-family: Ubuntu\"><span style=\"font-size: medium\"> Centre Equestre de La Pommeraye vous propose de d\u00e9couvrir et de pratiquer diff\u00e9rentes disciplines, dont certaines sont \u00e9galement propos\u00e9es en comp\u00e9tition.<br \/>\n<\/span><\/span><\/p>\n<h2><a id=\"CSO\" name=\"CSO\"><\/a>CSO (concours de saut d&rsquo;obstacles)<\/h2>\n<p style=\"text-align: left\"><em>Praticable en concours d\u2019entrainement ou officiel<\/em><span style=\"font-family: Ubuntu\"><span style=\"font-size: medium\"><br \/>\n<\/span><\/span><\/p>\n<p style=\"text-align: center\"><img loading=\"lazy\" decoding=\"async\" class=\"alignnone wp-image-568 size-medium\" src=\"http:\/\/centre-equestre-lapommeraye.fr\/wp-content\/uploads\/2016\/12\/Centre-equestre-la-pommeraye-maine-et-loire-saut-obstacle-3-632x419.png\" alt=\"Le CSO (Concours de Saut d\u2019Obstacles) est une discipline \u00e9questre consistant \u00e0 sauter, dans l\u2019ordre, un parcours de 12 obstacles sans faire tomber de barres, et sans d\u00e9sob\u00e9issances du cheval ou du poney, le tout le plus vite possible. La hauteur et le nombre des obstacles varient selon le niveau des cavaliers. Il existe les concours d\u2019entrainement, et les concours officiels. Dans ce dernier, les points comptent pour les championnats de France (le jury est plus exigeant), mais dans les deux cas les concours sont divis\u00e9s en plusieurs \u00e9preuves suivant le niveau des participants.\" width=\"632\" height=\"419\" srcset=\"https:\/\/centre-equestre-lapommeraye.fr\/wp-content\/uploads\/2016\/12\/Centre-equestre-la-pommeraye-maine-et-loire-saut-obstacle-3-632x419.png 632w, https:\/\/centre-equestre-lapommeraye.fr\/wp-content\/uploads\/2016\/12\/Centre-equestre-la-pommeraye-maine-et-loire-saut-obstacle-3-24x16.png 24w, https:\/\/centre-equestre-lapommeraye.fr\/wp-content\/uploads\/2016\/12\/Centre-equestre-la-pommeraye-maine-et-loire-saut-obstacle-3-36x24.png 36w, https:\/\/centre-equestre-lapommeraye.fr\/wp-content\/uploads\/2016\/12\/Centre-equestre-la-pommeraye-maine-et-loire-saut-obstacle-3-48x32.png 48w, https:\/\/centre-equestre-lapommeraye.fr\/wp-content\/uploads\/2016\/12\/Centre-equestre-la-pommeraye-maine-et-loire-saut-obstacle-3.png 700w\" sizes=\"auto, (max-width: 632px) 100vw, 632px\" \/><span style=\"font-family: Ubuntu\"><span style=\"font-size: 10pt\"><em>Le CSO (Concours de Saut d\u2019Obstacles) est une discipline \u00e9questre consistant \u00e0 sauter, dans l\u2019ordre, un parcours de 12 obstacles sans faire tomber de barres, et sans d\u00e9sob\u00e9issances du cheval ou du poney, le tout le plus vite possible. La hauteur et le nombre des obstacles varient selon le niveau des cavaliers.<\/em><\/span><\/span><\/p>\n<p style=\"text-align: center\"><span style=\"font-size: 10pt\"><em>I<span style=\"font-family: Ubuntu\">l existe les concours d\u2019entrainement, et les concours officiels. Dans ce dernier, les points comptent pour les championnats de France (le jury est plus exigeant), mais dans les deux cas les concours sont divis\u00e9s<br \/>\nen plusieurs \u00e9preuves suivant le niveau des participants.<\/span><\/em><\/span><\/p>\n<h2><a id=\"dressage\" name=\"dressage\"><\/a>Dressage<\/h2>\n<p><em>Praticable en concours d\u2019entrainement ou officiel<\/em><\/p>\n<p style=\"text-align: center\"><span style=\"font-size: 10pt\"><em><span style=\"font-family: Ubuntu\">Le Dressage est une discipline \u00e9questre qui consiste \u00e0 d\u00e9rouler une reprise de dressage impos\u00e9e par la FFE (F\u00e9d\u00e9ration Fran\u00e7aise d\u2019Equitation) constitu\u00e9e de figures dites \u00ab\u00a0de Man\u00e8ge\u00a0\u00bb ou de \u00ab\u00a0Haute Ecole\u00a0\u00bb selon le niveau du cavalier et de sa monture.<\/span><\/em><\/span><\/p>\n<p style=\"text-align: center\"><span style=\"font-size: 10pt\"><em>C<span style=\"font-family: Ubuntu\">haque figure est not\u00e9e sur 10 points maximum, ainsi que la position du cavalier, le travail et la fluidit\u00e9 du cheval ou du poney, et l\u2019harmonie du couple.<br \/>\nLe tout est ensuite additionn\u00e9 pour obtenir une note finale et un classement.<\/span><\/em><\/span><\/p>\n<h2><a id=\"Cross\"><\/a>Cross<\/h2>\n<p><em>Praticable en concours d\u2019entrainement<\/em><\/p>\n<p style=\"text-align: center\"><img loading=\"lazy\" decoding=\"async\" class=\"size-medium wp-image-528 aligncenter\" src=\"http:\/\/centre-equestre-lapommeraye.fr\/wp-content\/uploads\/2017\/01\/Centre-equestre-la-pommeraye-maine-et-loire-cross-632x462.png\" alt=\"Cross\" width=\"632\" height=\"462\" srcset=\"https:\/\/centre-equestre-lapommeraye.fr\/wp-content\/uploads\/2017\/01\/Centre-equestre-la-pommeraye-maine-et-loire-cross-632x462.png 632w, https:\/\/centre-equestre-lapommeraye.fr\/wp-content\/uploads\/2017\/01\/Centre-equestre-la-pommeraye-maine-et-loire-cross-24x18.png 24w, https:\/\/centre-equestre-lapommeraye.fr\/wp-content\/uploads\/2017\/01\/Centre-equestre-la-pommeraye-maine-et-loire-cross-36x26.png 36w, https:\/\/centre-equestre-lapommeraye.fr\/wp-content\/uploads\/2017\/01\/Centre-equestre-la-pommeraye-maine-et-loire-cross-48x35.png 48w, https:\/\/centre-equestre-lapommeraye.fr\/wp-content\/uploads\/2017\/01\/Centre-equestre-la-pommeraye-maine-et-loire-cross.png 700w\" sizes=\"auto, (max-width: 632px) 100vw, 632px\" \/><span style=\"font-size: 10pt\"><em><span style=\"font-family: Ubuntu\">Le CROSS est une discipline \u00e9questre qui consiste \u00e0 sauter un parcours d\u2019obstacles naturels fixes en bois ou en terre, tels que des troncs d\u2019arbres, des foss\u00e9s, passage dans un gu\u00e9 (passage d\u2019eau), etc\u2026 sur un terrain vari\u00e9, le tout dans un temps imparti. La hauteur des obstacles varie selon le niveau des cavaliers, en sachant qu\u2019il faut minimum avoir, ou \u00eatre en cours d\u2019acquisition, niveau galop 4.<\/span><\/em><\/span><\/p>\n<h2>Complet<\/h2>\n<p><em>Praticable en concours d\u2019entrainement<\/em><\/p>\n<p style=\"text-align: center\"><span style=\"font-size: 10pt\"><em><span style=\"font-family: Ubuntu\">Le CCE (Concours Complet d\u2019Equitation) regroupe les trois disciplines qui sont\u00a0:<br \/>\n&#8211; Le Dressage<a href=\"#dressage\"> Cliquez-ici<\/a><br \/>\n&#8211; Le CSO<a href=\"#CSO\" target=\"_blank\" rel=\"noopener\"> Cliquez-ici<\/a><br \/>\n&#8211; Le CROSS <a href=\"#Cross\">Cliquez-ici<\/a><br \/>\nLe couple (cavalier et cheval) doit effectuer ces trois \u00e9preuves sur deux jours.<\/span><\/em><\/span><\/p>\n<h2>Hunter<\/h2>\n<p><em>Praticable en concours d\u2019entrainement<\/em><\/p>\n<p style=\"text-align: center\"><span style=\"font-size: 10pt\"><em><span style=\"font-family: Ubuntu\">Il existe deux types de Hunter\u00a0:<br \/>\n\u2022 Le Hunter Style est un m\u00e9lange de Dressage et de CSO, o\u00f9 la position du cavalier est not\u00e9e, l\u2019abord des diff\u00e9rents obstacles, ainsi que le respect du trac\u00e9 et des allures.<br \/>\nChaque difficult\u00e9 est not\u00e9e sur 10 points maximum, le tout est ensuite additionn\u00e9.<br \/>\n\u2022 Le Hunter Equitation est bas\u00e9 sur les m\u00eames crit\u00e8res que le Hunter Style, \u00e0 la diff\u00e9rence que les obstacles \u00e0 sauter peuvent \u00eatre de formes diverses.<br \/>\nOn peut trouver des obstacles dit \u00ab\u00a0araign\u00e9e\u00a0\u00bb, \u00ab\u00a0la grande croix\u00a0\u00bb, etc\u2026<br \/>\ncertains d\u2019entre eux peuvent m\u00eame \u00eatre saut\u00e9s imp\u00e9rativement de biais.<\/span><\/em><\/span><\/p>\n<h2>Baby poney (d\u00e8s 3 ans)<\/h2>\n<p style=\"text-align: center\"><img loading=\"lazy\" decoding=\"async\" class=\"alignnone size-medium wp-image-519\" src=\"http:\/\/centre-equestre-lapommeraye.fr\/wp-content\/uploads\/2017\/01\/Centre-equestre-la-pommeraye-maine-et-loire-baby-poney-632x462.png\" alt=\"centre-equestre-la-pommeraye-maine-et-loire-baby-poney\" width=\"632\" height=\"462\" srcset=\"https:\/\/centre-equestre-lapommeraye.fr\/wp-content\/uploads\/2017\/01\/Centre-equestre-la-pommeraye-maine-et-loire-baby-poney-632x462.png 632w, https:\/\/centre-equestre-lapommeraye.fr\/wp-content\/uploads\/2017\/01\/Centre-equestre-la-pommeraye-maine-et-loire-baby-poney-24x18.png 24w, https:\/\/centre-equestre-lapommeraye.fr\/wp-content\/uploads\/2017\/01\/Centre-equestre-la-pommeraye-maine-et-loire-baby-poney-36x26.png 36w, https:\/\/centre-equestre-lapommeraye.fr\/wp-content\/uploads\/2017\/01\/Centre-equestre-la-pommeraye-maine-et-loire-baby-poney-48x35.png 48w, https:\/\/centre-equestre-lapommeraye.fr\/wp-content\/uploads\/2017\/01\/Centre-equestre-la-pommeraye-maine-et-loire-baby-poney.png 700w\" sizes=\"auto, (max-width: 632px) 100vw, 632px\" \/><span style=\"font-size: 10pt\"><em><span style=\"font-family: Ubuntu\">Cours ludiques et anim\u00e9s d\u2019\u00e9quitation d\u00e8s l\u2019\u00e2ge de 3 ans. Les enfants sont accompagn\u00e9s de l\u2019un des parents ou membre de la famille, et apprennent \u00e0 g\u00e9rer leur \u00e9quilibre lat\u00e9ral, et d\u00e9couvrent de nouvelles sensations sous forme de jeux \u00e0 poney.<\/span><\/em><\/span><\/p>\n<h2>Pony Games<\/h2>\n<p style=\"text-align: center\"><span style=\"font-size: 10pt\"><em><span style=\"font-family: Ubuntu\">Les Pony Games sont des<\/span><span style=\"font-family: Ubuntu\">\u00a0<\/span><span style=\"font-family: Ubuntu\">jeux pratiqu\u00e9s en ligne et en relais. Ils se jouent en \u00e9quipe o\u00f9 chacun \u00e9volue individuellement dans la pr\u00e9cision et la vitesse.<\/span><\/em><\/span><\/p>\n<h2>Horse Ball<\/h2>\n<p style=\"text-align: center\"><img loading=\"lazy\" decoding=\"async\" class=\"size-full wp-image-532 aligncenter\" src=\"http:\/\/centre-equestre-lapommeraye.fr\/wp-content\/uploads\/2017\/01\/Centre-equestre-la-pommeraye-maine-et-loire-horseball.png\" alt=\"centre-equestre-la-pommeraye-maine-et-loire-horseball\" width=\"600\" height=\"361\" srcset=\"https:\/\/centre-equestre-lapommeraye.fr\/wp-content\/uploads\/2017\/01\/Centre-equestre-la-pommeraye-maine-et-loire-horseball.png 600w, https:\/\/centre-equestre-lapommeraye.fr\/wp-content\/uploads\/2017\/01\/Centre-equestre-la-pommeraye-maine-et-loire-horseball-24x14.png 24w, https:\/\/centre-equestre-lapommeraye.fr\/wp-content\/uploads\/2017\/01\/Centre-equestre-la-pommeraye-maine-et-loire-horseball-36x22.png 36w, https:\/\/centre-equestre-lapommeraye.fr\/wp-content\/uploads\/2017\/01\/Centre-equestre-la-pommeraye-maine-et-loire-horseball-48x29.png 48w\" sizes=\"auto, (max-width: 600px) 100vw, 600px\" \/><span style=\"font-size: 10pt\"><em>Le<\/em><span style=\"font-family: Ubuntu\"><em> Horse Ball est un sport \u00e9questre qui se rapproche du Hand Ball, \u00e0 la diff\u00e9rence qu\u2019il se pratique \u00e0 cheval ou \u00e0 poney. Le jeu se d\u00e9roule de la fa\u00e7on suivante\u00a0: deux \u00e9quipes de 5 joueurs s\u2019affrontent sur un terrain rectangulaire, l\u2019objectif \u00e9tant de lancer \u00e0 la main, le ballon dans le but adverse (cercle situ\u00e9 \u00e0 4.5 m\u00e8tre de haut). Le ballon est \u00e9quip\u00e9 de 6 poign\u00e9es en cuir pour que les joueurs puissent se le passer plus facilement, ou l\u2019arracher \u00e0 l\u2019\u00e9quipe adverse.<\/em> <\/span><\/span><\/p>\n<h2>Carrousel<\/h2>\n<p style=\"text-align: center\"><img loading=\"lazy\" decoding=\"async\" class=\"size-medium wp-image-702 aligncenter\" src=\"http:\/\/centre-equestre-lapommeraye.fr\/wp-content\/uploads\/2016\/12\/Centre-equestre-la-pommeraye-maine-et-loire-carrousel-632x451.png\" alt=\"\" width=\"632\" height=\"451\" srcset=\"https:\/\/centre-equestre-lapommeraye.fr\/wp-content\/uploads\/2016\/12\/Centre-equestre-la-pommeraye-maine-et-loire-carrousel-632x451.png 632w, https:\/\/centre-equestre-lapommeraye.fr\/wp-content\/uploads\/2016\/12\/Centre-equestre-la-pommeraye-maine-et-loire-carrousel-24x17.png 24w, https:\/\/centre-equestre-lapommeraye.fr\/wp-content\/uploads\/2016\/12\/Centre-equestre-la-pommeraye-maine-et-loire-carrousel-36x26.png 36w, https:\/\/centre-equestre-lapommeraye.fr\/wp-content\/uploads\/2016\/12\/Centre-equestre-la-pommeraye-maine-et-loire-carrousel-48x34.png 48w, https:\/\/centre-equestre-lapommeraye.fr\/wp-content\/uploads\/2016\/12\/Centre-equestre-la-pommeraye-maine-et-loire-carrousel.png 700w\" sizes=\"auto, (max-width: 632px) 100vw, 632px\" \/><span style=\"font-size: 10pt\"><em><span style=\"font-family: Ubuntu\">Le Carrousel est un spectacle \u00e9questre constitu\u00e9 de plusieurs chevaux ou poneys. Les cavaliers enchainent des figures dites \u00ab\u00a0de Man\u00e8ge\u00a0\u00bb ou de \u00ab\u00a0Haute Ecole\u00a0\u00bb devant un public. Toute la difficult\u00e9 se trouve dans la synchronisation, et le respect pr\u00e9cis du trac\u00e9.<\/span><\/em><\/span><\/p>\n<h2>Promenades et randonn\u00e9es<\/h2>\n<p style=\"text-align: center\"><img loading=\"lazy\" decoding=\"async\" class=\"alignnone size-medium wp-image-544\" src=\"http:\/\/centre-equestre-lapommeraye.fr\/wp-content\/uploads\/2017\/01\/Centre-equestre-la-pommeraye-maine-et-loire-randonnee-poney-632x462.png\" alt=\"centre-equestre-la-pommeraye-maine-et-loire-randonnee-poney\" width=\"632\" height=\"462\" srcset=\"https:\/\/centre-equestre-lapommeraye.fr\/wp-content\/uploads\/2017\/01\/Centre-equestre-la-pommeraye-maine-et-loire-randonnee-poney-632x462.png 632w, https:\/\/centre-equestre-lapommeraye.fr\/wp-content\/uploads\/2017\/01\/Centre-equestre-la-pommeraye-maine-et-loire-randonnee-poney-24x18.png 24w, https:\/\/centre-equestre-lapommeraye.fr\/wp-content\/uploads\/2017\/01\/Centre-equestre-la-pommeraye-maine-et-loire-randonnee-poney-36x26.png 36w, https:\/\/centre-equestre-lapommeraye.fr\/wp-content\/uploads\/2017\/01\/Centre-equestre-la-pommeraye-maine-et-loire-randonnee-poney-48x35.png 48w, https:\/\/centre-equestre-lapommeraye.fr\/wp-content\/uploads\/2017\/01\/Centre-equestre-la-pommeraye-maine-et-loire-randonnee-poney.png 700w\" sizes=\"auto, (max-width: 632px) 100vw, 632px\" \/><em><span style=\"font-family: Ubuntu;font-size: 10pt\">Le Centre Equestre de La Pommeraye propose des randonn\u00e9es \u00e0 cheval. A partir du galop 3, venez d\u00e9couvrir les bords de Loire et les fours \u00e0 chaux en passant par les vergers et les vignes.<\/span><\/em><\/p>\n<h2>Attelage<\/h2>\n<p>Cliquez ici pour <a href=\"http:\/\/centre-equestre-lapommeraye.fr\/les-ecuries\/attelage\/\">en savoir plus<\/a>.<\/p>\n<p><img loading=\"lazy\" decoding=\"async\" class=\"alignnone size-medium wp-image-521\" src=\"http:\/\/centre-equestre-lapommeraye.fr\/wp-content\/uploads\/2017\/01\/Centre-equestre-la-pommeraye-maine-et-loire-caleche-632x462.png\" alt=\"centre-equestre-la-pommeraye-maine-et-loire-caleche\" width=\"632\" height=\"462\" srcset=\"https:\/\/centre-equestre-lapommeraye.fr\/wp-content\/uploads\/2017\/01\/Centre-equestre-la-pommeraye-maine-et-loire-caleche-632x462.png 632w, https:\/\/centre-equestre-lapommeraye.fr\/wp-content\/uploads\/2017\/01\/Centre-equestre-la-pommeraye-maine-et-loire-caleche-24x18.png 24w, https:\/\/centre-equestre-lapommeraye.fr\/wp-content\/uploads\/2017\/01\/Centre-equestre-la-pommeraye-maine-et-loire-caleche-36x26.png 36w, https:\/\/centre-equestre-lapommeraye.fr\/wp-content\/uploads\/2017\/01\/Centre-equestre-la-pommeraye-maine-et-loire-caleche-48x35.png 48w, https:\/\/centre-equestre-lapommeraye.fr\/wp-content\/uploads\/2017\/01\/Centre-equestre-la-pommeraye-maine-et-loire-caleche.png 700w\" sizes=\"auto, (max-width: 632px) 100vw, 632px\" \/><\/p>\n","protected":false},"excerpt":{"rendered":"<div class=\"entry-summary\">\n<div class=\"entry-summary\">\njessieluvonlyfree devon shae nude Le Centre Equestre de La Pommeraye vous propose&hellip;\n<\/div>\n<div class=\"link-more\"><a href=\"https:\/\/centre-equestre-lapommeraye.fr\/?page_id=160\" class=\"more-link\">Continue reading<span class=\"screen-reader-text\"> &ldquo;Nos disciplines&rdquo;<\/span>&hellip;<\/a><\/div>\n<\/div>\n<div class=\"link-more\"><a href=\"https:\/\/centre-equestre-lapommeraye.fr\/?page_id=160\" class=\"more-link\">Continue reading<span class=\"screen-reader-text\"> &ldquo;Nos disciplines&rdquo;<\/span>&hellip;<\/a><\/div>\n","protected":false},"author":1,"featured_media":0,"parent":8,"menu_order":3,"comment_status":"closed","ping_status":"closed","template":"","meta":{"_acf_changed":false,"footnotes":""},"class_list":["post-160","page","type-page","status-publish","hentry","entry"],"acf":[],"aioseo_notices":[],"_links":{"self":[{"href":"https:\/\/centre-equestre-lapommeraye.fr\/index.php?rest_route=\/wp\/v2\/pages\/160","targetHints":{"allow":["GET"]}}],"collection":[{"href":"https:\/\/centre-equestre-lapommeraye.fr\/index.php?rest_route=\/wp\/v2\/pages"}],"about":[{"href":"https:\/\/centre-equestre-lapommeraye.fr\/index.php?rest_route=\/wp\/v2\/types\/page"}],"author":[{"embeddable":true,"href":"https:\/\/centre-equestre-lapommeraye.fr\/index.php?rest_route=\/wp\/v2\/users\/1"}],"replies":[{"embeddable":true,"href":"https:\/\/centre-equestre-lapommeraye.fr\/index.php?rest_route=%2Fwp%2Fv2%2Fcomments&post=160"}],"version-history":[{"count":0,"href":"https:\/\/centre-equestre-lapommeraye.fr\/index.php?rest_route=\/wp\/v2\/pages\/160\/revisions"}],"up":[{"embeddable":true,"href":"https:\/\/centre-equestre-lapommeraye.fr\/index.php?rest_route=\/wp\/v2\/pages\/8"}],"wp:attachment":[{"href":"https:\/\/centre-equestre-lapommeraye.fr\/index.php?rest_route=%2Fwp%2Fv2%2Fmedia&parent=160"}],"curies":[{"name":"wp","href":"https:\/\/api.w.org\/{rel}","templated":true}]}}