{"id":177,"date":"2016-12-01T16:08:45","date_gmt":"2016-12-01T15:08:45","guid":{"rendered":"http:\/\/centre-equestre-lapommeraye.fr\/?page_id=177"},"modified":"2021-04-19T13:54:41","modified_gmt":"2021-04-19T11:54:41","slug":"planning-des-cours","status":"publish","type":"page","link":"https:\/\/centre-equestre-lapommeraye.fr\/?page_id=177","title":{"rendered":"Planning des cours"},"content":{"rendered":"<p><img loading=\"lazy\" decoding=\"async\" class=\"size-medium wp-image-587 aligncenter\" src=\"http:\/\/centre-equestre-lapommeraye.fr\/wp-content\/uploads\/2016\/12\/Centre-equestre-la-pommeraye-maine-et-loire-cours-enfant-632x419.png\" alt=\"centre-equestre-la-pommeraye-maine-et-loire-cours-enfant\" width=\"632\" height=\"419\" srcset=\"https:\/\/centre-equestre-lapommeraye.fr\/wp-content\/uploads\/2016\/12\/Centre-equestre-la-pommeraye-maine-et-loire-cours-enfant-632x419.png 632w, https:\/\/centre-equestre-lapommeraye.fr\/wp-content\/uploads\/2016\/12\/Centre-equestre-la-pommeraye-maine-et-loire-cours-enfant-24x16.png 24w, https:\/\/centre-equestre-lapommeraye.fr\/wp-content\/uploads\/2016\/12\/Centre-equestre-la-pommeraye-maine-et-loire-cours-enfant-36x24.png 36w, https:\/\/centre-equestre-lapommeraye.fr\/wp-content\/uploads\/2016\/12\/Centre-equestre-la-pommeraye-maine-et-loire-cours-enfant-48x32.png 48w, https:\/\/centre-equestre-lapommeraye.fr\/wp-content\/uploads\/2016\/12\/Centre-equestre-la-pommeraye-maine-et-loire-cours-enfant.png 700w\" sizes=\"auto, (max-width: 632px) 100vw, 632px\" \/><\/p>\n<h2>Planning<span style=\"color: #000080;\"><br \/>\n<\/span><\/h2>\n\n<table id=\"tablepress-3\" class=\"tablepress tablepress-id-3\">\n<tbody class=\"row-striping row-hover\">\n<tr class=\"row-1\">\n\t<td class=\"column-1\"><strong>MARDI<\/strong><\/td><td class=\"column-2\"><\/td>\n<\/tr>\n<tr class=\"row-2\">\n\t<td class=\"column-1\">De 17 h 00 \u00e0 18 h 00<\/td><td class=\"column-2\">Cours particulier handicap\u00e9<\/td>\n<\/tr>\n<tr class=\"row-3\">\n\t<td class=\"column-1\">De 18 h 15 \u00e0 19 h 15<\/td><td class=\"column-2\">Galop 6 et 7 Comp\u00e9tition<br \/>\n(Poney D, et Cheval)<\/td>\n<\/tr>\n<tr class=\"row-4\">\n\t<td class=\"column-1\">De 19 h 30 \u00e0 20 h 30<\/td><td class=\"column-2\">Adultes galop 3 \u00e0 5<br \/>\n(poney D et cheval)<\/td>\n<\/tr>\n<tr class=\"row-5\">\n\t<td class=\"column-1\"><strong>MERCREDI<\/strong><\/td><td class=\"column-2\"><\/td>\n<\/tr>\n<tr class=\"row-6\">\n\t<td class=\"column-1\">De 14 h 00 \u00e0 15 h 00<\/td><td class=\"column-2\">Galop 1 et 2<br \/>\n(poney B et C)<\/td>\n<\/tr>\n<tr class=\"row-7\">\n\t<td class=\"column-1\">De 15 h 15 \u00e0 16 h 15<\/td><td class=\"column-2\">Galop 2 et 3<br \/>\n(poney C et D) <\/td>\n<\/tr>\n<tr class=\"row-8\">\n\t<td class=\"column-1\">De 16 h 30 \u00e0 17 h 30 <\/td><td class=\"column-2\">Adulte galop 3 \u00e0 4 <br \/>\n(poney D et cheval)<\/td>\n<\/tr>\n<tr class=\"row-9\">\n\t<td class=\"column-1\">De 17 h 45 \u00e0 18 h 45<\/td><td class=\"column-2\">Travail jeunes chevaux ou chevaux propri\u00e9taires<\/td>\n<\/tr>\n<tr class=\"row-10\">\n\t<td class=\"column-1\">De 19 h 15 \u00e0 20 h 15<\/td><td class=\"column-2\">Adultes Galop 6 et 7<br \/>\n(cheval)<\/td>\n<\/tr>\n<tr class=\"row-11\">\n\t<td class=\"column-1\"><strong>JEUDI<\/strong><\/td><td class=\"column-2\"><\/td>\n<\/tr>\n<tr class=\"row-12\">\n\t<td class=\"column-1\">De 14 h 00 \u00e0 19 h 00<\/td><td class=\"column-2\">4 cours particuliers<\/td>\n<\/tr>\n<tr class=\"row-13\">\n\t<td class=\"column-1\"><strong>VENDREDI<\/strong><\/td><td class=\"column-2\"><\/td>\n<\/tr>\n<tr class=\"row-14\">\n\t<td class=\"column-1\">De 15 h 00 \u00e0 16 h 00<\/td><td class=\"column-2\">Adulte galop 2 \u00e0 5 <br \/>\n(poney D et cheval)<\/td>\n<\/tr>\n<tr class=\"row-15\">\n\t<td class=\"column-1\">De 18 h 00 \u00e0 19 h 00<\/td><td class=\"column-2\">Galop 2 et 3 <br \/>\n(poney B et C)<\/td>\n<\/tr>\n<tr class=\"row-16\">\n\t<td class=\"column-1\">De 19 h 30 \u00e0 20 h 30<\/td><td class=\"column-2\">Adolescent et Adulte galop 3 \u00e0 5 <br \/>\n(poney D et cheval)<\/td>\n<\/tr>\n<tr class=\"row-17\">\n\t<td class=\"column-1\"><strong>SAMEDI<\/strong><\/td><td class=\"column-2\"><\/td>\n<\/tr>\n<tr class=\"row-18\">\n\t<td class=\"column-1\">De 9 h 30 \u00e0 10 h 00<\/td><td class=\"column-2\">Baby poney <br \/>\n(de 3 ans \u00e0 6 ans - poney A et B)<\/td>\n<\/tr>\n<tr class=\"row-19\">\n\t<td class=\"column-1\">De 10 h 15 \u00e0 11 h 15<\/td><td class=\"column-2\">Galop 2 <br \/>\n(poney B et C)<\/td>\n<\/tr>\n<tr class=\"row-20\">\n\t<td class=\"column-1\">De 11 h 30 \u00e0 12 h 30<\/td><td class=\"column-2\">Galop 6 et 7 Comp\u00e9tition<br \/>\n(poney D et cheval)<\/td>\n<\/tr>\n<tr class=\"row-21\">\n\t<td class=\"column-1\">De 14 h \u00e0 15 h<\/td><td class=\"column-2\">D\u00e9butant et galop 1 <br \/>\n(poney A et B)<\/td>\n<\/tr>\n<tr class=\"row-22\">\n\t<td class=\"column-1\">De 15 h 15 \u00e0 16 h 15<\/td><td class=\"column-2\">Galop 3 et 4<br \/>\n(poney C et D)<\/td>\n<\/tr>\n<tr class=\"row-23\">\n\t<td class=\"column-1\">De 16 h 30 \u00e0 17 h 30<\/td><td class=\"column-2\">Galop 5 et 6 <br \/>\n(poney  D et cheval)<\/td>\n<\/tr>\n<\/tbody>\n<\/table>\n<!-- #tablepress-3 from cache -->\n<p>&nbsp;<\/p>\n<h2>Tarifs<\/h2>\n\n<table id=\"tablepress-4\" class=\"tablepress tablepress-id-4 tbody-has-connected-cells\">\n<tbody class=\"row-striping row-hover\">\n<tr class=\"row-1\">\n\t<td colspan=\"2\" class=\"column-1\"><strong>Licence f\u00e9d\u00e9rale d'\u00e9quitation<\/strong><\/td><td class=\"column-3\"><\/td>\n<\/tr>\n<tr class=\"row-2\">\n\t<td class=\"column-1\">Moins de 18 ans<\/td><td class=\"column-2\">29 \u20ac<\/td><td class=\"column-3\"><\/td>\n<\/tr>\n<tr class=\"row-3\">\n\t<td class=\"column-1\">Plus de 18 ans<\/td><td class=\"column-2\">40 \u20ac<\/td><td class=\"column-3\"><\/td>\n<\/tr>\n<tr class=\"row-4\">\n\t<td class=\"column-1\"><strong>COURS<\/strong><\/td><td class=\"column-2\"><\/td><td class=\"column-3\"><\/td>\n<\/tr>\n<tr class=\"row-5\">\n\t<td class=\"column-1\">Shetland (-10ans)<\/td><td class=\"column-2\">34 heures de cours <br \/>\nde septembre \u00e0 juin<\/td><td class=\"column-3\">Mensualisation <br \/>\n78,20 \u20ac par mois*<\/td>\n<\/tr>\n<tr class=\"row-6\">\n\t<td class=\"column-1\">Double poney et cheval (-18ans)<\/td><td class=\"column-2\">34 heures de cours <br \/>\nde septembre \u00e0 juin<\/td><td class=\"column-3\">Mensualisation <br \/>\n81.60 \u20ac par mois*<\/td>\n<\/tr>\n<tr class=\"row-7\">\n\t<td class=\"column-1\">Double poney et cheval (+18ans)<\/td><td class=\"column-2\">34 heures de cours <br \/>\nde septembre \u00e0 juin<\/td><td class=\"column-3\">Mensualisation <br \/>\n88.40 \u20ac par mois*<\/td>\n<\/tr>\n<tr class=\"row-8\">\n\t<td class=\"column-1\">Carte Baby Poney ( - 6 ans )<\/td><td class=\"column-2\">5 s\u00e9ances de 30 min<\/td><td class=\"column-3\">75 \u20ac <br \/>\nla carte<\/td>\n<\/tr>\n<tr class=\"row-9\">\n\t<td class=\"column-1\">Carte d\u00e9couverte<\/td><td class=\"column-2\">5 heures<\/td><td class=\"column-3\">140 \u20ac <br \/>\nla carte<\/td>\n<\/tr>\n<tr class=\"row-10\">\n\t<td class=\"column-1\">Une s\u00e9ance Baby Poney passag\u00e8re<\/td><td class=\"column-2\"><\/td><td class=\"column-3\">20 \u20ac la s\u00e9ance<\/td>\n<\/tr>\n<tr class=\"row-11\">\n\t<td class=\"column-1\">Une heure passag\u00e8re en cours collectif<\/td><td class=\"column-2\"><\/td><td class=\"column-3\">30 \u20ac l'heure<\/td>\n<\/tr>\n<tr class=\"row-12\">\n\t<td class=\"column-1\">Un cours particulier<\/td><td class=\"column-2\"><\/td><td class=\"column-3\">45 \u20ac <br \/>\nla s\u00e9ance<\/td>\n<\/tr>\n<tr class=\"row-13\">\n\t<td class=\"column-1\"><\/td><td class=\"column-2\"><\/td><td class=\"column-3\"><\/td>\n<\/tr>\n<tr class=\"row-14\">\n\t<td colspan=\"3\" class=\"column-1\">* engagements sur 10 mois payable en 10 fois sans frais<\/td>\n<\/tr>\n<tr class=\"row-15\">\n\t<td colspan=\"3\" class=\"column-1\">40\u20ac de remise sur la totalit\u00e9 des 2 contrats de 34 heures (m\u00eame famille)<\/td>\n<\/tr>\n<tr class=\"row-16\">\n\t<td colspan=\"3\" class=\"column-1\">80\u20ac de remise sur la totalit\u00e9 des 3 contrats de 34 heures (m\u00eame famille)<\/td>\n<\/tr>\n<tr class=\"row-17\">\n\t<td colspan=\"3\" class=\"column-1\">120\u20ac de remise sur la totalit\u00e9 des 4 contrats de 34 heures (m\u00eame famille)<\/td>\n<\/tr>\n<\/tbody>\n<\/table>\n<!-- #tablepress-4 from cache -->\n<p><em><span style=\"font-family: Ubuntu;\"><span style=\"font-size: small;\">*engagement sur 10 mois payable en 10 fois sans frais<\/span><\/span><\/em><\/p>\n<p><span style=\"font-family: Ubuntu;\">40 \u20ac de remise sur la totalit\u00e9 des 2 contrats de 40 heures (m\u00eame famille)<br \/>\n80 \u20ac de remise sur la totalit\u00e9 des 3 contrats de 40 heures (m\u00eame famille)<br \/>\n120 \u20ac de remise sur la totalit\u00e9 des 4 contrats de 40 heures (m\u00eame famille)<\/span><\/p>\n","protected":false},"excerpt":{"rendered":"<div class=\"entry-summary\">\n<div class=\"entry-summary\">\nPlanning &nbsp; Tarifs *engagement sur 10 mois payable en 10 fois sans&hellip;\n<\/div>\n<div class=\"link-more\"><a href=\"https:\/\/centre-equestre-lapommeraye.fr\/?page_id=177\" class=\"more-link\">Continue reading<span class=\"screen-reader-text\"> &ldquo;Planning des cours&rdquo;<\/span>&hellip;<\/a><\/div>\n<\/div>\n<div class=\"link-more\"><a href=\"https:\/\/centre-equestre-lapommeraye.fr\/?page_id=177\" class=\"more-link\">Continue reading<span class=\"screen-reader-text\"> &ldquo;Planning des cours&rdquo;<\/span>&hellip;<\/a><\/div>\n","protected":false},"author":1,"featured_media":0,"parent":174,"menu_order":1,"comment_status":"closed","ping_status":"closed","template":"","meta":{"_acf_changed":false,"footnotes":""},"class_list":["post-177","page","type-page","status-publish","hentry","entry"],"acf":[],"aioseo_notices":[],"_links":{"self":[{"href":"https:\/\/centre-equestre-lapommeraye.fr\/index.php?rest_route=\/wp\/v2\/pages\/177","targetHints":{"allow":["GET"]}}],"collection":[{"href":"https:\/\/centre-equestre-lapommeraye.fr\/index.php?rest_route=\/wp\/v2\/pages"}],"about":[{"href":"https:\/\/centre-equestre-lapommeraye.fr\/index.php?rest_route=\/wp\/v2\/types\/page"}],"author":[{"embeddable":true,"href":"https:\/\/centre-equestre-lapommeraye.fr\/index.php?rest_route=\/wp\/v2\/users\/1"}],"replies":[{"embeddable":true,"href":"https:\/\/centre-equestre-lapommeraye.fr\/index.php?rest_route=%2Fwp%2Fv2%2Fcomments&post=177"}],"version-history":[{"count":16,"href":"https:\/\/centre-equestre-lapommeraye.fr\/index.php?rest_route=\/wp\/v2\/pages\/177\/revisions"}],"predecessor-version":[{"id":1137,"href":"https:\/\/centre-equestre-lapommeraye.fr\/index.php?rest_route=\/wp\/v2\/pages\/177\/revisions\/1137"}],"up":[{"embeddable":true,"href":"https:\/\/centre-equestre-lapommeraye.fr\/index.php?rest_route=\/wp\/v2\/pages\/174"}],"wp:attachment":[{"href":"https:\/\/centre-equestre-lapommeraye.fr\/index.php?rest_route=%2Fwp%2Fv2%2Fmedia&parent=177"}],"curies":[{"name":"wp","href":"https:\/\/api.w.org\/{rel}","templated":true}]}}