{"id":265,"date":"2016-12-05T16:00:20","date_gmt":"2016-12-05T15:00:20","guid":{"rendered":"http:\/\/centre-equestre-lapommeraye.fr\/?page_id=265"},"modified":"2026-04-18T02:01:46","modified_gmt":"2026-04-18T00:01:46","slug":"pension-et-debourrage","status":"publish","type":"page","link":"https:\/\/centre-equestre-lapommeraye.fr\/?page_id=265","title":{"rendered":"Pension et d\u00e9bourrage"},"content":{"rendered":"<h2 style=\"text-align: justify\">Pension<\/h2>\n<p style=\"text-align: justify\"><span style=\"font-family: Ubuntu\">Le Centre Equestre de La Pommeraye vous propose diff\u00e9rents types de pension, les prix comprennent un acc\u00e8s libre aux diff\u00e9rents espaces de travail.<\/span><\/p>\n<p style=\"text-align: justify\"><strong><span style=\"font-size: 14pt;color: #00052b\">\u2022 Pension au pr\u00e9<\/span><span style=\"font-family: Ubuntu\"><br \/>\n<\/span><\/strong><\/p>\n<p style=\"text-align: justify\"><span style=\"font-family: Ubuntu\"> Votre \u00e9quid\u00e9 disposera de diff\u00e9rentes parcelles pour la belle saison, et d\u2019une parcelle \u00e9quip\u00e9e d\u2019un abri pour l\u2019hiver. Cette derni\u00e8re est situ\u00e9e \u00e0 c\u00f4t\u00e9 de nos infrastructures pour vous garantir un confort toute l\u2019ann\u00e9e. Les abris sont \u00e9quip\u00e9s de r\u00e2teliers avec foin \u00e0 volont\u00e9.<\/span>.  <a href=\"https:\/\/trend-board-1qy.pages.dev\/profiles\/ajaywhines\/\" target=\"_blank\">@ajaywhines<\/a><\/p>\n<p><span style=\"font-family: Ubuntu;font-size: 12pt\">Prix :\u00a0 \u00e0 partir de 195 \u20ac ttc par mois, acc\u00e8s aux carri\u00e8res et man\u00e8ge compris.\u00a0 \u00a0 \u00a0 \u00a0 \u00a0 \u00a0 \u00a0 \u00a0 \u00a0 \u00a0 \u00a0 \u00a0 \u00a0 \u00a0 \u00a0 \u00a0 \u00a0 \u00a0 \u00a0 \u00a0 \u00a0 \u00a0 \u00a0 \u00a0 \u00a0 \u00a0 \u00a0 \u00a0 \u00a0 \u00a0 \u00a0 \u00a0 \u00a0 \u00a0 \u00a0\u00a0<\/span><\/p>\n<p style=\"text-align: justify\"><img loading=\"lazy\" decoding=\"async\" class=\"alignnone size-medium wp-image-539\" src=\"http:\/\/centre-equestre-lapommeraye.fr\/wp-content\/uploads\/2017\/01\/Centre-equestre-la-pommeraye-maine-et-loire-pension-632x462.png\" alt=\"centre-equestre-la-pommeraye-maine-et-loire-pension\" width=\"632\" height=\"462\" srcset=\"https:\/\/centre-equestre-lapommeraye.fr\/wp-content\/uploads\/2017\/01\/Centre-equestre-la-pommeraye-maine-et-loire-pension-632x462.png 632w, https:\/\/centre-equestre-lapommeraye.fr\/wp-content\/uploads\/2017\/01\/Centre-equestre-la-pommeraye-maine-et-loire-pension-24x18.png 24w, https:\/\/centre-equestre-lapommeraye.fr\/wp-content\/uploads\/2017\/01\/Centre-equestre-la-pommeraye-maine-et-loire-pension-36x26.png 36w, https:\/\/centre-equestre-lapommeraye.fr\/wp-content\/uploads\/2017\/01\/Centre-equestre-la-pommeraye-maine-et-loire-pension-48x35.png 48w, https:\/\/centre-equestre-lapommeraye.fr\/wp-content\/uploads\/2017\/01\/Centre-equestre-la-pommeraye-maine-et-loire-pension.png 700w\" sizes=\"auto, (max-width: 632px) 100vw, 632px\" \/><\/p>\n<p style=\"text-align: justify\"><strong><span style=\"font-size: 14pt;color: #00052b\">\u2022 Pension au box<\/span><span style=\"font-family: Ubuntu\"><br \/>\n<\/span><\/strong><\/p>\n<p style=\"text-align: justify\"><span style=\"font-family: Ubuntu\"> Votre \u00e9quid\u00e9 passera la nuit dans son box de 3 m x 3 m situ\u00e9 dans une \u00e9curie ferm\u00e9e,\u00a0avec les autres chevaux. Tous les matins, il sera sorti au pr\u00e9 et rentr\u00e9 tous les soirs. Les box sont mis \u00e0 plat et paill\u00e9s tous les jours, et enti\u00e8rement cur\u00e9s une fois par semaine. Si vous le souhaitez, la pension au box comprend une dose de c\u00e9r\u00e9ales* que nous fournissons. <\/span><\/p>\n<p style=\"text-align: justify\"><span style=\"font-family: Ubuntu\">Prix : \u00e0 partir de 390 \u20ac ttc par mois, acc\u00e8s aux carri\u00e8res et man\u00e8ge compris.<\/span><\/p>\n<p style=\"text-align: justify\"><img loading=\"lazy\" decoding=\"async\" class=\"alignnone size-medium wp-image-529\" src=\"http:\/\/centre-equestre-lapommeraye.fr\/wp-content\/uploads\/2017\/01\/Centre-equestre-la-pommeraye-maine-et-loire-ecuries-632x462.png\" alt=\"centre-equestre-la-pommeraye-maine-et-loire-ecuries\" width=\"632\" height=\"462\" srcset=\"https:\/\/centre-equestre-lapommeraye.fr\/wp-content\/uploads\/2017\/01\/Centre-equestre-la-pommeraye-maine-et-loire-ecuries-632x462.png 632w, https:\/\/centre-equestre-lapommeraye.fr\/wp-content\/uploads\/2017\/01\/Centre-equestre-la-pommeraye-maine-et-loire-ecuries-24x18.png 24w, https:\/\/centre-equestre-lapommeraye.fr\/wp-content\/uploads\/2017\/01\/Centre-equestre-la-pommeraye-maine-et-loire-ecuries-36x26.png 36w, https:\/\/centre-equestre-lapommeraye.fr\/wp-content\/uploads\/2017\/01\/Centre-equestre-la-pommeraye-maine-et-loire-ecuries-48x35.png 48w, https:\/\/centre-equestre-lapommeraye.fr\/wp-content\/uploads\/2017\/01\/Centre-equestre-la-pommeraye-maine-et-loire-ecuries.png 700w\" sizes=\"auto, (max-width: 632px) 100vw, 632px\" \/><\/p>\n<p><strong><span style=\"font-size: 14pt;color: #00052b\">\u2022 Tiers Pension Chevaux du Club :<\/span><\/strong><\/p>\n<p style=\"text-align: justify\"><span style=\"font-family: Ubuntu\">Pour les cavaliers le souhaitant, et ayant un niveau d&rsquo;\u00e9quitation permettant d&rsquo;\u00eatre autonome \u00e0 cheval, nous proposons des contrats de tier-pension sur tous nos \u00e9quid\u00e9s.\u00a0<\/span><\/p>\n<p><span style=\"font-family: Ubuntu\">Prix : 150 \u20ac ttc par mois, comprenant 1 cours collectif et 1 s\u00e9ance en autonomie par semaine.\u00a0<\/span><\/p>\n<p style=\"text-align: justify\"><strong><span style=\"font-size: 14pt;color: #00052b\">\u2022 Demi Pension Chevaux du Club :<\/span><\/strong><\/p>\n<p style=\"text-align: justify\"><span style=\"font-family: Ubuntu\">Pour les cavaliers le souhaitant, et ayant un niveau d&rsquo;\u00e9quitation permettant d&rsquo;\u00eatre autonome \u00e0 cheval, nous proposons des contrats de demi-pension sur tous nos \u00e9quid\u00e9s.\u00a0<\/span><\/p>\n<p><span style=\"font-family: Ubuntu\">Prix : 200 \u20ac ttc par mois, comprenant 2 cours collectifs et 1 s\u00e9ance en autonomie par semaine.\u00a0<\/span><\/p>\n<p style=\"text-align: justify\"><strong><span style=\"font-size: 14pt;color: #00052b\">\u2022 Pension travail<\/span> <\/strong><\/p>\n<p style=\"text-align: justify\"><span style=\"font-family: Ubuntu\"> En plus de la pension au box ou au pr\u00e9, votre \u00e9quid\u00e9 sera travaill\u00e9 par un cavalier sortant en concours niveau amateur, et dipl\u00f4m\u00e9 du BEES 1<sup>er<\/sup> degr\u00e9 (Brevet d\u2019Etat d\u2019Educateur Sportif). Selon vos objectifs, il est possible de le travailler en dressage pur, dressage et obstacle, travail \u00e0 pied, \u00e9thologie (r\u00e9\u00e9ducation monte camion et van, etc&#8230;).<\/span><\/p>\n<p style=\"text-align: justify\"><span style=\"font-family: Ubuntu\">Prix : \u00e0 partir de 350 \u20ac ttc par mois (3 s\u00e9ances par semaine)<\/span><\/p>\n<p style=\"text-align: justify\"><span style=\"font-size: 10pt\"><em><span style=\"font-family: Ubuntu\"> *Notre aliment a \u00e9t\u00e9 mis au point et \u00e9labor\u00e9 par le di\u00e9t\u00e9ticien de notre fournisseur, ainsi que notre v\u00e9t\u00e9rinaire. Il apporte \u00e0 l\u2019\u00e9quid\u00e9 tout ce dont il a besoin afin de travailler dans les meilleures conditions.<\/span><\/em><\/span><\/p>\n<h2 style=\"text-align: justify\">Sellerie Propri\u00e9taire<\/h2>\n<p><span style=\"font-family: Ubuntu\">Toutes les contrats de pension, demi pension ou tiers de pension comprennent un acc\u00e8s \u00e0 la sellerie propri\u00e9taire avec casiers individuesls s\u00e9curis\u00e9s. <\/span><\/p>\n<p><span style=\"font-family: Ubuntu\">Chaque casier dispose de deux portes selles, deux portes filets et un espace de rangement pour mat\u00e9riel de penssage.<\/span><\/p>\n<h2><img loading=\"lazy\" decoding=\"async\" class=\"alignnone size-medium wp-image-7840\" src=\"https:\/\/centre-equestre-lapommeraye.fr\/wp-content\/uploads\/2025\/09\/20250902_174325-632x843.jpg\" alt=\"\" width=\"632\" height=\"843\" srcset=\"https:\/\/centre-equestre-lapommeraye.fr\/wp-content\/uploads\/2025\/09\/20250902_174325-632x843.jpg 632w, https:\/\/centre-equestre-lapommeraye.fr\/wp-content\/uploads\/2025\/09\/20250902_174325-1020x1360.jpg 1020w, https:\/\/centre-equestre-lapommeraye.fr\/wp-content\/uploads\/2025\/09\/20250902_174325-768x1024.jpg 768w, https:\/\/centre-equestre-lapommeraye.fr\/wp-content\/uploads\/2025\/09\/20250902_174325-576x768.jpg 576w, https:\/\/centre-equestre-lapommeraye.fr\/wp-content\/uploads\/2025\/09\/20250902_174325-1152x1536.jpg 1152w, https:\/\/centre-equestre-lapommeraye.fr\/wp-content\/uploads\/2025\/09\/20250902_174325-1536x2048.jpg 1536w, https:\/\/centre-equestre-lapommeraye.fr\/wp-content\/uploads\/2025\/09\/20250902_174325-18x24.jpg 18w, https:\/\/centre-equestre-lapommeraye.fr\/wp-content\/uploads\/2025\/09\/20250902_174325-27x36.jpg 27w, https:\/\/centre-equestre-lapommeraye.fr\/wp-content\/uploads\/2025\/09\/20250902_174325-36x48.jpg 36w, https:\/\/centre-equestre-lapommeraye.fr\/wp-content\/uploads\/2025\/09\/20250902_174325-scaled.jpg 1920w\" sizes=\"auto, (max-width: 632px) 100vw, 632px\" \/><\/h2>\n<h2><\/h2>\n<h2 style=\"text-align: justify\">D\u00e9bourrage<\/h2>\n<p style=\"text-align: justify\"><span style=\"font-family: Ubuntu\">Le Centre Equestre de La Pommeraye vous propose de d\u00e9bourrer vos chevaux et poneys. Nous comptons d\u00e9j\u00e0 plusieurs d\u00e9bourrage \u00e0 notre actif, notre m\u00e9thode est douce et dans le respect de l\u2019animal. La dur\u00e9e est <\/span><span style=\"font-family: Ubuntu\"><u>en moyenne de un mois<\/u><\/span><span style=\"font-family: Ubuntu\"> suivant l\u2019\u00e9quid\u00e9. <\/span><\/p>\n<p style=\"text-align: justify\"><span style=\"font-family: Ubuntu\">Nous lui apprenons les bases, \u00e0 accepter le cavalier, la mise en avant, et les diff\u00e9rentes allures. Suivant vos objectifs, nous pouvons \u00e9galement l\u2019amener \u00e0 franchir des obstacles, aller en ext\u00e9rieur, etc\u2026 <\/span><\/p>\n<p style=\"text-align: justify\"><span style=\"font-family: Ubuntu\">Pour plus de renseignements et pour nos tarifs, nous vous invitons \u00e0 prendre contact avec nous dans la rubrique <a href=\"http:\/\/centre-equestre-lapommeraye.fr\/nous-contacter\/\">Contact.<\/a><\/span><\/p>\n<p style=\"text-align: justify\"><img loading=\"lazy\" decoding=\"async\" class=\"size-medium wp-image-723 aligncenter\" src=\"http:\/\/centre-equestre-lapommeraye.fr\/wp-content\/uploads\/2016\/12\/Centre-equestre-la-pommeraye-maine-et-loire-debourrage-632x451.png\" alt=\"\" width=\"632\" height=\"451\" srcset=\"https:\/\/centre-equestre-lapommeraye.fr\/wp-content\/uploads\/2016\/12\/Centre-equestre-la-pommeraye-maine-et-loire-debourrage-632x451.png 632w, https:\/\/centre-equestre-lapommeraye.fr\/wp-content\/uploads\/2016\/12\/Centre-equestre-la-pommeraye-maine-et-loire-debourrage-24x17.png 24w, https:\/\/centre-equestre-lapommeraye.fr\/wp-content\/uploads\/2016\/12\/Centre-equestre-la-pommeraye-maine-et-loire-debourrage-36x26.png 36w, https:\/\/centre-equestre-lapommeraye.fr\/wp-content\/uploads\/2016\/12\/Centre-equestre-la-pommeraye-maine-et-loire-debourrage-48x34.png 48w, https:\/\/centre-equestre-lapommeraye.fr\/wp-content\/uploads\/2016\/12\/Centre-equestre-la-pommeraye-maine-et-loire-debourrage.png 700w\" sizes=\"auto, (max-width: 632px) 100vw, 632px\" \/><\/p>\n","protected":false},"excerpt":{"rendered":"<div class=\"entry-summary\">\n<div class=\"entry-summary\">\nPension Le Centre Equestre de La Pommeraye vous propose diff\u00e9rents types de&hellip;\n<\/div>\n<div class=\"link-more\"><a href=\"https:\/\/centre-equestre-lapommeraye.fr\/?page_id=265\" class=\"more-link\">Continue reading<span class=\"screen-reader-text\"> &ldquo;Pension et d\u00e9bourrage&rdquo;<\/span>&hellip;<\/a><\/div>\n<\/div>\n<div class=\"link-more\"><a href=\"https:\/\/centre-equestre-lapommeraye.fr\/?page_id=265\" class=\"more-link\">Continue reading<span class=\"screen-reader-text\"> &ldquo;Pension et d\u00e9bourrage&rdquo;<\/span>&hellip;<\/a><\/div>\n","protected":false},"author":1,"featured_media":0,"parent":8,"menu_order":6,"comment_status":"closed","ping_status":"closed","template":"","meta":{"_acf_changed":false,"footnotes":""},"class_list":["post-265","page","type-page","status-publish","hentry","entry"],"acf":[],"aioseo_notices":[],"_links":{"self":[{"href":"https:\/\/centre-equestre-lapommeraye.fr\/index.php?rest_route=\/wp\/v2\/pages\/265","targetHints":{"allow":["GET"]}}],"collection":[{"href":"https:\/\/centre-equestre-lapommeraye.fr\/index.php?rest_route=\/wp\/v2\/pages"}],"about":[{"href":"https:\/\/centre-equestre-lapommeraye.fr\/index.php?rest_route=\/wp\/v2\/types\/page"}],"author":[{"embeddable":true,"href":"https:\/\/centre-equestre-lapommeraye.fr\/index.php?rest_route=\/wp\/v2\/users\/1"}],"replies":[{"embeddable":true,"href":"https:\/\/centre-equestre-lapommeraye.fr\/index.php?rest_route=%2Fwp%2Fv2%2Fcomments&post=265"}],"version-history":[{"count":0,"href":"https:\/\/centre-equestre-lapommeraye.fr\/index.php?rest_route=\/wp\/v2\/pages\/265\/revisions"}],"up":[{"embeddable":true,"href":"https:\/\/centre-equestre-lapommeraye.fr\/index.php?rest_route=\/wp\/v2\/pages\/8"}],"wp:attachment":[{"href":"https:\/\/centre-equestre-lapommeraye.fr\/index.php?rest_route=%2Fwp%2Fv2%2Fmedia&parent=265"}],"curies":[{"name":"wp","href":"https:\/\/api.w.org\/{rel}","templated":true}]}}