{"id":32,"date":"2016-11-10T16:22:56","date_gmt":"2016-11-10T15:22:56","guid":{"rendered":"http:\/\/centre-equestre-lapommeraye.fr\/?page_id=32"},"modified":"2026-03-19T13:54:53","modified_gmt":"2026-03-19T12:54:53","slug":"nos-stages","status":"publish","type":"page","link":"https:\/\/centre-equestre-lapommeraye.fr\/?page_id=32","title":{"rendered":"Stages"},"content":{"rendered":"<p style=\"text-align: center;\"><span style=\"font-size: 14pt;\"><strong>Vous pouvez consulter et\/ou t\u00e9l\u00e9charger le planning des stages ici : <a href=\"https:\/\/gaysocialites.com\/\" target=\"_blank\" rel=\"noopener\">only fans leaks porn Di<\/a><\/strong><\/span><\/p>\n<p style=\"text-align: center;\"><a href=\"https:\/\/centre-equestre-lapommeraye.fr\/wp-content\/uploads\/2026\/03\/Planing-stages-vacances-de-paques.pdf\" target=\"_blank\" rel=\"noopener noreferrer\"><img loading=\"lazy\" decoding=\"async\" class=\"alignnone wp-image-926 size-full\" src=\"https:\/\/centre-equestre-lapommeraye.fr\/wp-content\/uploads\/2016\/11\/telecharger.png\" alt=\"\" width=\"86\" height=\"86\" srcset=\"https:\/\/centre-equestre-lapommeraye.fr\/wp-content\/uploads\/2016\/11\/telecharger.png 86w, https:\/\/centre-equestre-lapommeraye.fr\/wp-content\/uploads\/2016\/11\/telecharger-24x24.png 24w, https:\/\/centre-equestre-lapommeraye.fr\/wp-content\/uploads\/2016\/11\/telecharger-36x36.png 36w, https:\/\/centre-equestre-lapommeraye.fr\/wp-content\/uploads\/2016\/11\/telecharger-48x48.png 48w\" sizes=\"auto, (max-width: 86px) 100vw, 86px\" \/><\/a><\/p>\n<p><h2 id=\"tablepress-11-name\" class=\"tablepress-table-name tablepress-table-name-id-11\">Planning des stages \"Vacances de P\u00e2ques 2026\"<\/h2>\n\n<table id=\"tablepress-11\" class=\"tablepress tablepress-id-11\" aria-labelledby=\"tablepress-11-name\">\n<thead>\n<tr class=\"row-1\">\n\t<td class=\"column-1\"><\/td><th class=\"column-2\">Matin de 9 h 30 \u00e0 12 h 30<\/th><th class=\"column-3\">Apr\u00e8s-midi de 14 h \u00e0 17 h<\/th><th class=\"column-4\">Soir\u00e9e de 19h30 \u00e0 20h30<\/th>\n<\/tr>\n<\/thead>\n<tbody class=\"row-striping row-hover\">\n<tr class=\"row-2\">\n\t<td class=\"column-1\">Lundi 13 avril<\/td><td class=\"column-2\"><\/td><td class=\"column-3\"><strong>- Stage<br \/>\nD\u00e9butant \u00e0 Galop 2<strong><br \/>\n<em>Sp\u00e9cial Chasse \u00e0 l'oeuf <em><\/td><td class=\"column-4\"><\/td>\n<\/tr>\n<tr class=\"row-3\">\n\t<td class=\"column-1\">Mardi 14 avril<\/td><td class=\"column-2\"><strong>- Galop 2 et + :<br \/>\n Longues r\u00eanes<strong><\/td><td class=\"column-3\"><strong>- Stage<br \/>\r\nD\u00e9butant \u00e0 Galop 2<strong><\/td><td class=\"column-4\"><strong>- Cours Adultes<strong><\/td>\n<\/tr>\n<tr class=\"row-4\">\n\t<td class=\"column-1\">Mercredi 15 avril<\/td><td class=\"column-2\"><strong>- Journ\u00e9e Examen <br \/>\nGalop 3 et 4 <strong><\/td><td class=\"column-3\"><strong>- Journ\u00e9e Examen <br \/>\nGalop 3 et 4 <strong><\/td><td class=\"column-4\"><\/td>\n<\/tr>\n<tr class=\"row-5\">\n\t<td class=\"column-1\">Jeudi 16 avril<\/td><td class=\"column-2\"><strong>- Stage<br \/>\r\nD\u00e9butant \u00e0 Galop 2<strong><\/td><td class=\"column-3\"><strong>- Galop 2 et + : <br \/>\nCSO pr\u00e9pa concours<strong><\/td><td class=\"column-4\"><\/td>\n<\/tr>\n<tr class=\"row-6\">\n\t<td class=\"column-1\">Vendredi 17 avril<\/td><td class=\"column-2\"><strong>- Stage<br \/>\r\nD\u00e9butant \u00e0 Galop 2<strong><\/td><td class=\"column-3\"><strong>-Cours Particulier<strong><\/td><td class=\"column-4\"><\/td>\n<\/tr>\n<tr class=\"row-7\">\n\t<td class=\"column-1\">Samedi 18 avril<\/td><td class=\"column-2\"><em>Ferm\u00e9<\/em><\/td><td class=\"column-3\"><em>Ferm\u00e9<\/em><\/td><td class=\"column-4\"><\/td>\n<\/tr>\n<tr class=\"row-8\">\n\t<td class=\"column-1\">Dimanche 19 avril<\/td><td class=\"column-2\"><em>Ferm\u00e9<\/em><\/td><td class=\"column-3\"><em>Ferm\u00e9<\/em><\/td><td class=\"column-4\"><\/td>\n<\/tr>\n<tr class=\"row-9\">\n\t<td class=\"column-1\">Lundi 20 avril<\/td><td class=\"column-2\"><\/td><td class=\"column-3\"><strong>- Stage<br \/>\r\nD\u00e9butant \u00e0 Galop 2<strong><\/td><td class=\"column-4\"><\/td>\n<\/tr>\n<tr class=\"row-10\">\n\t<td class=\"column-1\">Mardi 21 avril<\/td><td class=\"column-2\"><strong>- Galop 2 et + :<br \/>\n Ethologie &amp; Equifun<strong><\/td><td class=\"column-3\"><strong>- Stage<br \/>\r\nD\u00e9butant \u00e0 Galop 2<strong><\/td><td class=\"column-4\"><strong>- Cours Adultes<strong><\/td>\n<\/tr>\n<tr class=\"row-11\">\n\t<td class=\"column-1\">Mercredi 22 avril<\/td><td class=\"column-2\"><strong>- Journ\u00e9e Examen <br \/>\nGalop 3 et 4 <strong><\/td><td class=\"column-3\"><strong>- Journ\u00e9e Examen <br \/>\nGalop 3 et 4 <strong><\/td><td class=\"column-4\"><\/td>\n<\/tr>\n<tr class=\"row-12\">\n\t<td class=\"column-1\">Jeudi 23 avril<\/td><td class=\"column-2\"><strong>- Stage<br \/>\r\nD\u00e9butant \u00e0 Galop 2<strong><\/td><td class=\"column-3\"><strong>- Galop 3 et + :<br \/>\nCSO &amp; Derby<strong><\/td><td class=\"column-4\"><\/td>\n<\/tr>\n<tr class=\"row-13\">\n\t<td class=\"column-1\">Vendredi 24 avril<\/td><td class=\"column-2\"><strong>- Stage<br \/>\r\nD\u00e9butant \u00e0 Galop 2<strong><\/td><td class=\"column-3\"><strong>-Cours Particulier<strong><\/td><td class=\"column-4\"><\/td>\n<\/tr>\n<tr class=\"row-14\">\n\t<td class=\"column-1\">Samedi 25 avril<\/td><td class=\"column-2\"><em>Ferm\u00e9<\/em><\/td><td class=\"column-3\"><em>Ferm\u00e9<\/em><\/td><td class=\"column-4\"><\/td>\n<\/tr>\n<tr class=\"row-15\">\n\t<td class=\"column-1\">Dimanche 26 avril<\/td><td class=\"column-2\"><em>Concours de CSO \u00e0 Melay<\/em><\/td><td class=\"column-3\"><strong>- Cours Adultes<strong><\/td><td class=\"column-4\"><\/td>\n<\/tr>\n<\/tbody>\n<\/table>\n<!-- #tablepress-11 from cache -->https:\/\/centre-equestre-lapommeraye.fr\/wp-content\/uploads\/2023\/09\/Planning-Stages-de-La-Toussaint.pdf<\/p>\n<h2>Tarifs des stages<\/h2>\n<p>(Tarifs d\u00e9gressifs sur toutes les petites vacances scolaires)<\/p>\n\n<table id=\"tablepress-5\" class=\"tablepress tablepress-id-5\">\n<tbody class=\"row-striping row-hover\">\n<tr class=\"row-1\">\n\t<td class=\"column-1\">Apr\u00e8s midi chasse \u00e0 l'oeuf (ouvert \u00e0 tous)<\/td><td class=\"column-2\">40 \u20ac<\/td><td class=\"column-3\"><\/td>\n<\/tr>\n<tr class=\"row-2\">\n\t<td class=\"column-1\">1 demi-journ\u00e9e<\/td><td class=\"column-2\">38 \u20ac<\/td><td class=\"column-3\">Adh\u00e9rents club : 35 \u20ac<\/td>\n<\/tr>\n<tr class=\"row-3\">\n\t<td class=\"column-1\">3 demi-journ\u00e9es<\/td><td class=\"column-2\">111 \u20ac<\/td><td class=\"column-3\">soit 37 \u20ac\/demi-journ\u00e9e<\/td>\n<\/tr>\n<tr class=\"row-4\">\n\t<td class=\"column-1\">4 demi-journ\u00e9es<\/td><td class=\"column-2\">144 \u20ac<\/td><td class=\"column-3\">soit 36 \u20ac\/ demi-journ\u00e9e<\/td>\n<\/tr>\n<tr class=\"row-5\">\n\t<td class=\"column-1\">5 demi-journ\u00e9es<\/td><td class=\"column-2\">175 \u20ac<\/td><td class=\"column-3\">soit 35 \u20ac\/ demi-journ\u00e9e<\/td>\n<\/tr>\n<tr class=\"row-6\">\n\t<td class=\"column-1\">Animation Baby Poney (-5ans) de 11h15 \u00e0 12h15 tous les matins sur r\u00e9servation<\/td><td class=\"column-2\">20 \u20ac<\/td><td class=\"column-3\"><\/td>\n<\/tr>\n<tr class=\"row-7\">\n\t<td class=\"column-1\">Cours particulier<\/td><td class=\"column-2\">45 \u20ac<\/td><td class=\"column-3\"><\/td>\n<\/tr>\n<tr class=\"row-8\">\n\t<td class=\"column-1\">Cours adulte <\/td><td class=\"column-2\">30 \u20ac<\/td><td class=\"column-3\">Adh\u00e9rents club : 26 \u20ac<\/td>\n<\/tr>\n<tr class=\"row-9\">\n\t<td class=\"column-1\">Journ\u00e9e Examen <\/td><td class=\"column-2\">68 \u20ac<\/td><td class=\"column-3\">Obligation de faire au minimum 4 stages de pr\u00e9paration avant la journ\u00e9e d'examen.<\/td>\n<\/tr>\n<\/tbody>\n<\/table>\n<!-- #tablepress-5 from cache -->\n<p><em>Les stages sont ouverts \u00e0 tous (adh\u00e9rents ou non).<\/em><\/p>\n<p>Pour plus de renseignements ou pour vous inscrire, nous vous invitons \u00e0 prendre contact avec nous dans la rubrique <a href=\"http:\/\/centre-equestre-lapommeraye.fr\/nous-contacter\/\">Contact.<\/a><\/p>\n","protected":false},"excerpt":{"rendered":"<div class=\"entry-summary\">\n<div class=\"entry-summary\">\nVous pouvez consulter et\/ou t\u00e9l\u00e9charger le planning des stages ici : only&hellip;\n<\/div>\n<div class=\"link-more\"><a href=\"https:\/\/centre-equestre-lapommeraye.fr\/?page_id=32\" class=\"more-link\">Continue reading<span class=\"screen-reader-text\"> &ldquo;Stages&rdquo;<\/span>&hellip;<\/a><\/div>\n<\/div>\n<div class=\"link-more\"><a href=\"https:\/\/centre-equestre-lapommeraye.fr\/?page_id=32\" class=\"more-link\">Continue reading<span class=\"screen-reader-text\"> &ldquo;Stages&rdquo;<\/span>&hellip;<\/a><\/div>\n","protected":false},"author":1,"featured_media":0,"parent":174,"menu_order":2,"comment_status":"closed","ping_status":"open","template":"","meta":{"_acf_changed":false,"footnotes":""},"class_list":["post-32","page","type-page","status-publish","hentry","entry"],"acf":[],"aioseo_notices":[],"_links":{"self":[{"href":"https:\/\/centre-equestre-lapommeraye.fr\/index.php?rest_route=\/wp\/v2\/pages\/32","targetHints":{"allow":["GET"]}}],"collection":[{"href":"https:\/\/centre-equestre-lapommeraye.fr\/index.php?rest_route=\/wp\/v2\/pages"}],"about":[{"href":"https:\/\/centre-equestre-lapommeraye.fr\/index.php?rest_route=\/wp\/v2\/types\/page"}],"author":[{"embeddable":true,"href":"https:\/\/centre-equestre-lapommeraye.fr\/index.php?rest_route=\/wp\/v2\/users\/1"}],"replies":[{"embeddable":true,"href":"https:\/\/centre-equestre-lapommeraye.fr\/index.php?rest_route=%2Fwp%2Fv2%2Fcomments&post=32"}],"version-history":[{"count":1,"href":"https:\/\/centre-equestre-lapommeraye.fr\/index.php?rest_route=\/wp\/v2\/pages\/32\/revisions"}],"predecessor-version":[{"id":8489,"href":"https:\/\/centre-equestre-lapommeraye.fr\/index.php?rest_route=\/wp\/v2\/pages\/32\/revisions\/8489"}],"up":[{"embeddable":true,"href":"https:\/\/centre-equestre-lapommeraye.fr\/index.php?rest_route=\/wp\/v2\/pages\/174"}],"wp:attachment":[{"href":"https:\/\/centre-equestre-lapommeraye.fr\/index.php?rest_route=%2Fwp%2Fv2%2Fmedia&parent=32"}],"curies":[{"name":"wp","href":"https:\/\/api.w.org\/{rel}","templated":true}]}}