{"id":36,"date":"2016-11-10T16:24:14","date_gmt":"2016-11-10T15:24:14","guid":{"rendered":"http:\/\/centre-equestre-lapommeraye.fr\/?page_id=36"},"modified":"2021-04-19T13:54:41","modified_gmt":"2021-04-19T11:54:41","slug":"nos-labels-ffe","status":"publish","type":"page","link":"https:\/\/centre-equestre-lapommeraye.fr\/?page_id=36","title":{"rendered":"Nos labels FFE"},"content":{"rendered":"<p class=\" text-justify\">Le Centre \u00c9questre de La Pommeraye a obtenu les labels suivants aupr\u00e8s de la F\u00e9d\u00e9ration Fran\u00e7aise d&rsquo;\u00c9quitation (FFE) :<\/p>\n<p><a href=\"http:\/\/www.ffe.com\/club\/Labels\" target=\"_blank\" rel=\"noopener\"><img loading=\"lazy\" decoding=\"async\" class=\"alignnone size-full wp-image-116\" src=\"http:\/\/centre-equestre-lapommeraye.fr\/wp-content\/uploads\/2016\/11\/efe.png\" alt=\"efe\" width=\"60\" height=\"90\" \/><\/a>\u00a0 \u00c9cole Fran\u00e7aise d&rsquo;\u00c9quitation<\/p>\n<p><a href=\"http:\/\/www.ffe.com\/club\/Labels\" target=\"_blank\" rel=\"noopener\"><img loading=\"lazy\" decoding=\"async\" class=\"alignnone size-full wp-image-119\" src=\"http:\/\/centre-equestre-lapommeraye.fr\/wp-content\/uploads\/2016\/11\/pcf-1.png\" alt=\"pcf\" width=\"70\" height=\"66\" \/><\/a>\u00a0 Poney Club de France<\/p>\n<p><a href=\"http:\/\/www.ffe.com\/club\/Labels\" target=\"_blank\" rel=\"noopener\"><img loading=\"lazy\" decoding=\"async\" class=\"alignnone size-full wp-image-120\" src=\"http:\/\/centre-equestre-lapommeraye.fr\/wp-content\/uploads\/2016\/11\/ccf.png\" alt=\"ccf\" width=\"70\" height=\"61\" \/><\/a>\u00a0 Cheval Club de France<\/p>\n<p class=\" text-justify\">\u00ab\u00a0D\u2019une part, les labels permettent d\u2019identifier les structures et l\u2019activit\u00e9 qui y est propos\u00e9e afin d\u2019aider les cavaliers \u00e0 s\u2019orienter plus facilement vers l\u2019\u00e9tablissement qui correspond \u00e0 leurs attentes.<\/p>\n<p class=\"margebottom text-justify\">D\u2019autre part, ces d\u00e9marches qualit\u00e9s ont \u00e9galement vocation \u00e0 valoriser les comp\u00e9tences des dirigeants d\u2019\u00e9tablissement.<\/p>\n<p class=\" text-justify\">L\u2019engagement d\u2019une structure dans une d\u00e9marche qualit\u00e9 de la FFE est \u00e0 l\u2019initiative du dirigeant. Pour ce faire, il doit transmettre un bulletin de demande \u00e0 FFE Qualit\u00e9.<\/p>\n<p class=\"margebottom text-justify\">Les labels sont attribu\u00e9s apr\u00e8s audit de l\u2019\u00e9tablissement candidat par un auditeur salari\u00e9 de la FFE. Chaque auditeur visite, annuellement, 200 \u00e0 400 \u00e9tablissements \u00e9questres. Les audits sont programm\u00e9s, au maximum, dans les 4 mois qui suivent la demande de label.<\/p>\n<p class=\"margebottom text-justify\">Les audits font l\u2019objet d\u2019un compte rendu confidentiel adress\u00e9 au dirigeant de l\u2019\u00e9tablissement visit\u00e9. Ils pr\u00e9cisent les points forts de l\u2019\u00e9tablissement ainsi que les points de progr\u00e8s. Il signifie \u00e9galement l\u2019attribution ou non du label. Il est important de noter que ce premier audit ne constitue pas un jugement d\u00e9finitif. L\u2019\u00e9tablissement qui n\u2019obtient pas le label peut re-demander le label apr\u00e8s avoir apport\u00e9 les am\u00e9liorations propos\u00e9es dans le plan de progr\u00e8s.<\/p>\n<p class=\" text-justify\">A la fin de la p\u00e9riode de validit\u00e9 de l\u2019agr\u00e9ment, un audit de renouvellement est r\u00e9alis\u00e9\u00a0; les actions d\u2019am\u00e9lioration entreprises depuis l\u2019audit pr\u00e9c\u00e9dent sont alors prises en compte pour le renouvellement du label.\u00a0\u00bb<\/p>\n<p class=\" text-justify\">Source : <a href=\"http:\/\/www.ffe.com\/club\/Labels\" target=\"_blank\" rel=\"noopener\">site de la FFE<\/a><\/p>\n","protected":false},"excerpt":{"rendered":"<div class=\"entry-summary\">\n<div class=\"entry-summary\">\nLe Centre \u00c9questre de La Pommeraye a obtenu les labels suivants aupr\u00e8s&hellip;\n<\/div>\n<div class=\"link-more\"><a href=\"https:\/\/centre-equestre-lapommeraye.fr\/?page_id=36\" class=\"more-link\">Continue reading<span class=\"screen-reader-text\"> &ldquo;Nos labels FFE&rdquo;<\/span>&hellip;<\/a><\/div>\n<\/div>\n<div class=\"link-more\"><a href=\"https:\/\/centre-equestre-lapommeraye.fr\/?page_id=36\" class=\"more-link\">Continue reading<span class=\"screen-reader-text\"> &ldquo;Nos labels FFE&rdquo;<\/span>&hellip;<\/a><\/div>\n","protected":false},"author":1,"featured_media":0,"parent":8,"menu_order":6,"comment_status":"closed","ping_status":"closed","template":"","meta":{"_acf_changed":false,"footnotes":""},"class_list":["post-36","page","type-page","status-publish","hentry","entry"],"acf":[],"aioseo_notices":[],"_links":{"self":[{"href":"https:\/\/centre-equestre-lapommeraye.fr\/index.php?rest_route=\/wp\/v2\/pages\/36","targetHints":{"allow":["GET"]}}],"collection":[{"href":"https:\/\/centre-equestre-lapommeraye.fr\/index.php?rest_route=\/wp\/v2\/pages"}],"about":[{"href":"https:\/\/centre-equestre-lapommeraye.fr\/index.php?rest_route=\/wp\/v2\/types\/page"}],"author":[{"embeddable":true,"href":"https:\/\/centre-equestre-lapommeraye.fr\/index.php?rest_route=\/wp\/v2\/users\/1"}],"replies":[{"embeddable":true,"href":"https:\/\/centre-equestre-lapommeraye.fr\/index.php?rest_route=%2Fwp%2Fv2%2Fcomments&post=36"}],"version-history":[{"count":7,"href":"https:\/\/centre-equestre-lapommeraye.fr\/index.php?rest_route=\/wp\/v2\/pages\/36\/revisions"}],"predecessor-version":[{"id":2437,"href":"https:\/\/centre-equestre-lapommeraye.fr\/index.php?rest_route=\/wp\/v2\/pages\/36\/revisions\/2437"}],"up":[{"embeddable":true,"href":"https:\/\/centre-equestre-lapommeraye.fr\/index.php?rest_route=\/wp\/v2\/pages\/8"}],"wp:attachment":[{"href":"https:\/\/centre-equestre-lapommeraye.fr\/index.php?rest_route=%2Fwp%2Fv2%2Fmedia&parent=36"}],"curies":[{"name":"wp","href":"https:\/\/api.w.org\/{rel}","templated":true}]}}